r when t is divided by h?
7
Let u = 1 - -2. Suppose -u*w - k - 38 = -168, 2*k = 2*w - 84. What is the remainder when w is divided by 15?
13
Let q = 8 + -4. Suppose -5*h = -q*o - 2 + 5, -h + 1 = 0. What is the remainder when 19 is divided by (7/2)/(o/4)?
5
Let b(h) = h - 7. Let v be b(7). Let l = 3 + v. Suppose 2*k - 40 = -l*k. What is the remainder when 21 is divided by k?
5
Let f = 36 - 15. Let g(w) = w**2 + 62. What is the remainder when g(0) is divided by f?
20
Let t = 9 + -2. Suppose 2*a - t*a + 35 = 0. What is the remainder when 20 is divided by a?
6
Suppose -4*s = -3*s - 6. Suppose -s = 3*v - 18. What is the remainder when v is divided by 2?
0
Let p(x) = x**2 - x - 5. Suppose -2*k - 1 = -2*f - k, 4*k + 4 = f. Let q be p(f). What is the remainder when ((-112)/(-20))/((-2)/q) is divided by 5?
4
What is the remainder when 4 is divided by 2/3*(-45)/(-10)?
1
Suppose b = 3*b - 28. What is the remainder when 38 is divided by b?
10
Suppose 2*x = -f + 5*f - 12, 4 = -2*x + 2*f. Suppose 3*s - 230 = -2*s. Calculate the remainder when s is divided by (-1)/x*-28 - -2.
14
Let o(w) = w**3 - 8*w**2 + 7*w + 4. What is the remainder when 14 is divided by o(7)?
2
Suppose -5*c + 162 + 3 = 2*w, 5*c - 4*w = 195. What is the remainder when c is divided by 19?
16
Suppose 0 = m - 5*o - 7, -4 = -4*m - 5*o - 1. Let u = 0 + 3. Calculate the remainder when u is divided by m.
1
Suppose 5*w - 62 = -4*q + 103, -2*q - 2*w = -84. Let y(v) = 4*v + 3. Let t be y(4). Let k = q - t. What is the remainder when k is divided by 14?
12
Suppose k + 2*k - 3*i = 9, 4*i + 20 = 0. Let q(t) = 2*t**2 + 3*t + 1. Let f be q(k). Suppose -32 - 4 = -f*n. What is the remainder when 35 is divided by n?
11
Suppose -339*x = -334*x - 105. What is the remainder when 38 is divided by x?
17
Let z(b) = b**3 - 23*b**2 + 24*b - 22. What is the remainder when 40 is divided by z(22)?
18
Suppose -2*b + 3*l + 80 = 0, -b + 2*l + 178 = 4*b. What is the remainder when 98 is divided by b?
30
Calculate the remainder when 16 is divided by 2/(-14) + 72/14.
1
Let t(h) = -h + 13. Let m be t(8). Let a = 9 - m. Suppose b + a*b = 65. What is the remainder when 25 is divided by b?
12
Suppose 0 = k + 3*w - 2, -k + 4 = k - 2*w. Suppose 0 = -j + 5*r + 2, 2*j - 2 = j + 4*r. Let o = 3 - j. Calculate the remainder when k is divided by o.
0
Suppose 4*p + 2*g + 12 = 0, -5*p + g - 8 = -0*g. Let j = p + 2. Suppose -b + 5 + 3 = j. Calculate the remainder when 15 is divided by b.
7
Let x = -10 - -41. What is the remainder when x is divided by 11?
9
Suppose i + 63 = 4*i. What is the remainder when i is divided by 8?
5
Suppose -4*h + 25 = 2*p - 3, 2*h = p + 18. Calculate the remainder when (-76)/(-12)*(-1 - -7) is divided by h.
6
Let b(w) = w**2 + 3*w + 1. Let y be b(-4). Let z be (2 - (-2 - -1))*y. What is the remainder when 369/z + (-4)/(-10) is divided by 9?
7
Suppose 2*r = -r + 3, 2*a - 4*r - 164 = 0. What is the remainder when a is divided by 30?
24
Let w(g) = 5*g**2 + 14*g + 58. Calculate the remainder when w(-6) is divided by 39.
37
Let i(q) = 20*q**2 + 2*q + 1. What is the remainder when 169 is divided by i(-1)?
17
Calculate the remainder when 115 is divided by ((-3)/(-4))/((-3)/(-156)).
37
Let a(v) = 2*v**2 + 5*v + 9. What is the remainder when 19 is divided by a(-2)?
5
Suppose -3*s = -h - 10, 3*s + h - 1 = 19. Let d(o) = -o + 4 - 5 + s. What is the remainder when 12 is divided by d(-3)?
5
Calculate the remainder when 131 is divided by (594/36)/((0 - -2)/4).
32
Suppose 5*z - 23 = 2. Calculate the remainder when (-5)/10*(5 - 23) is divided by z.
4
Let v(c) = -c. Let w(s) = 5*s + 1. Let j(q) = q**2 - 6*q - 1. Let t be j(6). Let p(d) = t*w(d) + 2*v(d). Calculate the remainder when p(-3) is divided by 7.
6
Let o = -17 + 11. Let n = 20 - o. Suppose i + 16 = 4*s + 3, -2*i = 5*s - n. Calculate the remainder when s is divided by 3.
1
Suppose 5*m - 3 = f + 3, -28 = -2*f + 2*m. Let u be (f/(-3))/(4/(-12)). Suppose 3*g - 64 = -2*c, -g + u = 2*c + c. What is the remainder when g is divided by 8?
6
Let i(f) = -f**2 - 12*f - 1. What is the remainder when i(-9) is divided by 10?
6
Suppose -o + 4*o - 20 = 5*g, g + 16 = 3*o. Let f(t) = -7*t + 1. Let l be f(g). Let i = l + -2. Calculate the remainder when i is divided by 4.
2
Let n be (15/9)/((-2)/(-6)). Suppose n*a - 26 = -2*h, -h - 2*a = -7 - 4. Suppose h*l = 4*l - 11. Calculate the remainder when l is divided by 4.
3
Let g(b) = -5*b + 6*b + 4*b. Suppose 2*t + 0*t = 4. Calculate the remainder when 28 is divided by g(t).
8
Let d = 79 - 29. What is the remainder when d is divided by 13?
11
What is the remainder when 31 - (2 + -1 - -1) is divided by 3 + 13/2 - (-5)/10?
9
Suppose z + 102 = 6*z - 4*y, 3*y - 45 = -3*z. Calculate the remainder when 61 is divided by z.
7
Suppose 7 = -0*w + w - 3*r, 0 = -3*w - 3*r + 69. Calculate the remainder when 35 is divided by w.
16
Let p be ((-3)/(-6))/(1/(-312)). Let x = -109 - p. What is the remainder when x is divided by 16?
15
Let w(z) be the third derivative of z**5/60 + z**4/8 - 3*z**3/2 - z**2. Calculate the remainder when w(-8) is divided by 16.
15
Let j(n) = -n**3 - 4*n**2 - 7. Let q = -2 - -5. Let x be 5/1*(-3)/q. Calculate the remainder when j(x) is divided by 10.
8
Let j = 17 - 4. Let k = j + 2. Calculate the remainder when 27 is divided by k.
12
Let h be (-38)/(-9) - 6/27. Let i(w) = w**2 - w - 4. What is the remainder when ((-30)/2)/(-1) - 0 is divided by i(h)?
7
Let k(s) = -s**3 + 3*s**2 + 3*s + 2. Suppose 3*h + 14 = 41. Calculate the remainder when k(-2) is divided by h.
7
Let b = 7 + -3. Suppose -23 = -b*h + 3*h. Calculate the remainder when 44 is divided by h.
21
Suppose -5*q + 3 = -2*q - i, 0 = q + 3*i - 1. Suppose 2*o - 32 = -x + 5*o, 0 = 5*x + 4*o - 65. Let b = q + x. What is the remainder when 35 is divided by b?
17
What is the remainder when ((-120)/16)/((-3)/32) is divided by 21?
17
Suppose -5*m = 4*o - 3*o - 31, 3*o = 2*m - 9. Let p(l) be the second derivative of 3*l**3/2 - 3*l**2/2 - 4*l. What is the remainder when p(2) is divided by m?
3
Suppose -3*a = 2*a - 110. Suppose -3*b - 8 = -7*b. Calculate the remainder when a is divided by 1/b - 46/(-4).
10
Suppose 60 = 6*n - 2*n. Suppose 35 = 4*m - 1. Calculate the remainder when n is divided by m.
6
Let t = 59 + -14. Calculate the remainder when t is divided by 12.
9
Let p(f) = -f - 6. Let x(o) = o + 1. Let g(c) = -p(c) - 2*x(c). What is the remainder when 29 is divided by g(-12)?
13
Let l(x) = x**2 - 26*x + 19. Calculate the remainder when 54 is divided by l(26).
16
Let n(w) = w + 6. Calculate the remainder when 69 is divided by n(18).
21
Let c be 1*5*(-60)/(-25). Suppose -5*d - c = -2*d. What is the remainder when 116/6 + d/12 is divided by 7?
5
Suppose 5*h - 149 - 161 = 0. Calculate the remainder when h is divided by 327/15 + 12/(-15).
20
Let f = -17 + 51. What is the remainder when 168 is divided by f?
32
Let c(x) = x**3 + 10*x**2 + 5*x + 15. Let y(u) = -3*u**3 - 30*u**2 - 16*u - 44. Let v(q) = -17*c(q) - 6*y(q). What is the remainder when v(-8) is divided by 17?
15
Suppose -3*x + 1 = 2*i - 37, 3*x + 14 = 2*i. Calculate the remainder when (-2 + (-33)/(-6))*14 is divided by i.
10
Suppose -r = -2*i - 30, -r + 3*i = -22 - 8. What is the remainder when r is divided by 13?
4
Let j = 9 + -5. Let o = j + 6. Calculate the remainder when (6/9)/(4/174) is divided by o.
9
Let n = 8 - 144. Let a(p) = -3*p**2 + 5*p - 3. Let m be a(6). Let i = m - n. What is the remainder when i is divided by 19?
17
Let l(o) = -13*o. Let y be 110 - -2*(-3)/(-6). Suppose i - y = -2*i. What is the remainder when i is divided by l(-1)?
11
Let p(a) = 5 - a**2 + 5*a + 2*a + 0*a. Calculate the remainder when p(5) is divided by 8.
7
Let i(a) = -4*a - 21. What is the remainder when i(-17) is divided by 7?
5
Let x(c) be the third derivative of -1/12*c**4 + 1/3*c**3 + 0 + 0*c + c**2 + 1/30*c**5. What is the remainder when x(4) is divided by 7?
5
Calculate the remainder when 17 is divided by 1/2 + (-171)/(-18).
7
Let j be ((-4)/(-10))/((-2)/10). What is the remainder when 61 is divided by 1 - 87/(-3) - j?
29
Suppose 5*s + 35 + 70 = j, 4*j = -2*s + 310. What is the remainder when j is divided by 22?
14
Let n(f) = 5*f + 1. Let y be n(-2). What is the remainder when 27 is divided by ((-3)/y)/(1/21)?
6
What is the remainder 